. Let y(g) = g - 1. Let o(c) = s(c) - 2*y(c). Let j be o(-7). Calculate the greatest common divisor of 24 and j.
3
Let f(j) = -j**2 + 17*j + 8. Let h be f(17). Let u be 1 + 22/(-2) + 0. Let p = 12 + u. Calculate the greatest common divisor of p and h.
2
Let n(k) = -9*k**3 + 4*k**2 - 4. Let y be n(-3). Suppose -129 = -2*x + 43. Let f = x - 61. Calculate the highest common divisor of y and f.
25
Suppose -63 = -4*m + 3*a + 202, -m + 2*a = -70. Calculate the highest common divisor of 304 and m.
16
Let z be 7/((-836)/(-1232) + 3/(-7)). Suppose -5*w + 5 = 0, -5*w - 2 = -4*m + 9. What is the greatest common factor of m and z?
4
Suppose 78 - 8 = a. What is the greatest common factor of a and 50?
10
Suppose -57*r + 96 = -45*r. Calculate the highest common factor of r and 776.
8
Let z(m) = -3*m**2 + 3. Let j be z(0). Calculate the greatest common factor of 9 and j.
3
Let w(s) be the third derivative of s**6/120 - s**5/12 + 5*s**4/24 - s**3/2 - 14*s**2. Let q be w(7). What is the greatest common divisor of 26 and q?
26
Let c be 2/(-7) - (-1136)/56. Let s(p) = -34*p + 816. Let t be s(14). Calculate the highest common divisor of t and c.
20
Let b = -1 - -3. Suppose 7*d = b*d + 5. Let j = 45 + -42. What is the greatest common divisor of j and d?
1
Let f be (-16)/84*-3 - (-8)/(-14). Suppose f = -7*o + 93 + 215. Calculate the highest common divisor of 88 and o.
44
Let i(b) = -150*b - 10. Let o be i(-2). Suppose 13*u = 18*u - o. Calculate the highest common factor of u and 29.
29
Suppose 39*p = 44*p - 3*b - 127, -6 = -6*b. Let z(m) = 6*m**2 - 3*m + 2. Let a be z(-3). What is the greatest common divisor of a and p?
13
Suppose 58 = -5*t + 108. Calculate the greatest common divisor of t and 16.
2
Let r(v) = v**2 + 4*v - 1. Let i = 73 - 79. Let l be r(i). What is the highest common divisor of 44 and l?
11
Suppose 0 = 5*s - 10*s + 225. Let l = -28 + s. Suppose -t + 31 = -4*n, -3*t + 22 = -4*n - 111. What is the highest common divisor of l and t?
17
Suppose -10*b + 11*b + 2*q - 8 = 0, 7 = 2*b + q. Calculate the greatest common divisor of b and 1.
1
Suppose -3*p - 2 = -4*p. Let n be (-2)/3 + 78/9. Suppose 3*u - n - 4 = 0. Calculate the greatest common divisor of u and p.
2
Suppose 2*j - j = 2*b + 90, -j + 72 = -5*b. Let d(q) = -q**3 - q + 34. Let p be d(0). What is the highest common divisor of j and p?
34
Suppose 2*z = 4*i + 26, 3*i = z - 4 - 14. Let j be 2/z - (-22)/3. Suppose 17*w = 1522 - 298. Calculate the greatest common factor of j and w.
8
Let t be (-1500)/(-255) - 4/(-34). Let l = 50 - t. Let i be -2 - -1 - l/(-11). Calculate the highest common divisor of i and 3.
3
Suppose 85 = 5*x + b - 4*b, -3*x + b + 47 = 0. Let l be 6/2 + 2 + 142. Let k be l/(-28)*(-64)/6. Calculate the greatest common divisor of x and k.
14
Let l(q) = q**2 - 146. Let b be l(17). What is the highest common divisor of b and 26?
13
Let h(s) = -s - 9. Let b be h(-12). Suppose 2*d - b*n = 272 + 391, -5 = n. What is the greatest common divisor of d and 36?
36
Let g be 74 + -72 + (-206)/4*-2. Calculate the greatest common factor of g and 30.
15
Let f(s) = 2*s**3 + 54*s**2 - 2*s + 18. Let m be f(-27). Suppose 0 = -4*i - v + 76, i = 3*i + v - 40. Calculate the highest common factor of i and m.
18
Let k(g) = -g**2 + 4*g - 2. Let q be k(6). Let j = q - -26. Let r be 2*(-6 + 8 + 10). Calculate the highest common factor of r and j.
12
Let h = -85 - -61. Let q be -8 - h - 1*-2. Suppose -9 = 3*z - 45. Calculate the greatest common divisor of z and q.
6
Let y(b) = b**3 + 7*b**2 + 5*b - 9. Let v be y(-5). Let p(w) = 2*w**2 - 29*w - 17. Let i be p(v). What is the greatest common divisor of 31 and i?
31
Let g(d) = 3*d**2 - 35*d + 206. Let h be g(6). What is the greatest common divisor of h and 416?
104
Suppose -2 - 70 = -4*i. Let l = 141 - 15. What is the greatest common factor of i and l?
18
Let t be 3/15*111 - 12/60. Calculate the highest common factor of 594 and t.
22
Suppose 0*z = 4*z - c - 57, 5*c + 25 = 0. Let l(o) = o**2 - 12*o + 5. Let h be l(z). Calculate the greatest common divisor of h and 36.
18
Let t(a) = -6 + 2*a**2 - 2*a**2 + 2*a**2 - 4*a. Let b be t(5). What is the greatest common factor of 120 and b?
24
Let n be (34/8)/((-236)/80 + 3). Calculate the highest common factor of n and 5.
5
Suppose 8*c + 424 = 3672. Calculate the greatest common divisor of 28 and c.
14
Suppose 4*y - j = j + 8, 0 = 4*j - 16. Suppose 2*r - g - 449 = y*g, 0 = -r + 3*g + 223. Calculate the highest common factor of 29 and r.
29
Suppose 4*l + 5*a - a - 324 = 0, 5*l = 5*a + 405. Let t = 446 - 437. What is the greatest common divisor of t and l?
9
Suppose 0 = 418*j - 416*j - 1536. Calculate the greatest common divisor of j and 24.
24
Let u be 4*(6/(720/(-204)))/((-2)/15). Let s = -521 - -980. What is the highest common factor of s and u?
51
Let x = 8 - 23. Let b = x - -35. Let f = b + -6. Calculate the highest common divisor of 70 and f.
14
Let s be 90/90*(-2)/2*-265. Calculate the greatest common factor of s and 10.
5
Let u(o) = -19*o - 77. Let b be u(-5). Calculate the greatest common factor of b and 90.
18
Let f(n) = n**2 + 3*n - 4. Let i be f(-5). Suppose -15*v + 2*x = -17*v - 4, 0 = 4*x + 24. What is the greatest common factor of i and v?
2
Suppose 0 = -5*v - f, 3*f = -4*v + f. Let l = v - -11. Let y be (-44)/12*-3*7. Calculate the greatest common factor of y and l.
11
Let z(s) = -3*s**2 - 27*s + 28. Let n be z(-9). Calculate the highest common divisor of 28 and n.
28
Let d = -230 + 284. What is the highest common divisor of 180 and d?
18
Let k(b) = -b - 6. Let c be k(-10). Let g(y) = -c + 7 - 5*y**2 + 4*y**2 + 0*y**2. Let j be g(0). What is the greatest common factor of 6 and j?
3
Let m = -316 - -327. What is the greatest common divisor of m and 341?
11
Suppose -7*d = -4 + 25. Let n = d + 183. What is the highest common factor of 20 and n?
20
Suppose -209 - 3325 = -6*u. Calculate the greatest common divisor of 19 and u.
19
Let y = -28 + 22. Let k(h) be the first derivative of h**3/3 + 3*h**2/2 + 5*h - 2. Let a be k(y). Calculate the highest common divisor of 207 and a.
23
Let r be (5 - 50)*(16 - 19). Calculate the greatest common divisor of 36 and r.
9
Let l be 0/(-1) - (-10)/5. Suppose -2*w - l*s = -59 - 381, 5*w = -4*s + 1096. What is the greatest common factor of 27 and w?
27
Let o be 132/(-16)*(-100)/15. Calculate the greatest common factor of o and 176.
11
Let a(u) = -6*u**2 + 13*u + 21. Let y(z) = -11*z**2 + 26*z + 43. Let l(p) = 7*a(p) - 4*y(p). Let v be l(10). What is the greatest common factor of 18 and v?
9
Let i(q) = -15 + 19*q - 17 + 15 - q**2. Let h be i(17). Let c be (-34)/(-2)*(2 + -1). Calculate the greatest common factor of c and h.
17
Let m = -880 - -1200. Calculate the highest common divisor of m and 30.
10
Let u(h) = 25*h - 12. Let d be u(4). Suppose 5*x - 3*x = 264. Calculate the greatest common divisor of d and x.
44
Let x(k) = 7*k - 5. Let v be x(1). What is the greatest common factor of 13 and v?
1
Suppose -4*r - 57 = -3*t + 485, -4*t = -4*r - 716. What is the highest common factor of t and 3?
3
Let l be -3 - (4 - 1 - 20/4). Let z be (0 + 1)/(1/(14 + l)). What is the highest common factor of z and 39?
13
Suppose 48*q + 20 = 43*q - 5*m, 3*q + m = -2. What is the highest common divisor of 9 and q?
1
Let s = 232 - 129. Suppose i - 29 = -4*p + p, 2*i - 3*p = s. Let f be (-33)/((30/4)/(-5)). What is the greatest common divisor of f and i?
22
Let l(w) = 220*w + 60. Let f be l(0). Suppose 2*v + 0*v = 150. Calculate the highest common factor of f and v.
15
Let x(q) = 15*q - 12. Let s be x(-5). Let u be s/(-4) - ((-15)/12)/5. Calculate the highest common divisor of 44 and u.
22
Let a(k) = -k**3 - 10*k**2 + 16*k + 18. Let q be a(-12). Calculate the highest common factor of 12 and q.
6
Suppose a - 13 = -2*l + 6, 24 = 2*l - 4*a. Let u(k) = -k**2 - k + 17. Let i be u(0). Let r = i - l. What is the greatest common divisor of r and 21?
7
Suppose 4*i - i - 36 = 0. Suppose 3*y - 24 = 84. What is the highest common divisor of y and i?
12
Let k(z) = 3*z**3 + 2*z**2 - 3*z + 2. Let i be k(1). Suppose -4*p = -3*b + 77, -2*b + 48 = 2*p - i*p. Calculate the highest common divisor of b and 19.
19
Suppose -u - 2*i = u + 24, -u - 20 = -3*i. Let b = u - -11. Let t be 13 + 0/b + 3. What is the greatest common di